 l be k/(1 - 5) + -334. Let n = 522 + l. What is the units digit of n?
7
Suppose -19*u = -89*u + 868770. What is the units digit of u?
1
Let q be (0 - -10)/(-6 + (3 - -5)). Suppose -q*c - 5*s + 250 = 0, 5*c + 3*s = 263 - 17. What is the tens digit of c?
4
Let i = -17046 + 40355. What is the hundreds digit of i?
3
Suppose -52 = -p + 90. Suppose -3*n + p = 133. Suppose -4*f - a + 314 = -2*f, -6 = n*a. What is the units digit of f?
8
Let u(i) = -3*i - 7. Let j be u(4). Let m = -14 - j. Suppose m*c = -0*c - 4*d + 190, 0 = 4*d. What is the units digit of c?
8
Let j = 663 - 661. Suppose 3*y - 5*y + 886 = 0. Suppose 3*w - 312 = j*g, -4*w + y = -5*g + 20. What is the tens digit of w?
0
Let n = 10572 - 2804. What is the tens digit of n?
6
Let h = 708 + -1367. Let s = 1691 + h. What is the hundreds digit of s?
0
Let h = -39312 + 85150. What is the hundreds digit of h?
8
Let b be (-13)/(-11) + -1 + (-5650)/(-22). Suppose 1 = -q, -4*c - 4*q + 259 = -b. Suppose 0 = -3*z + 2*z + c. What is the tens digit of z?
3
Let n(h) = 313*h - 91. What is the tens digit of n(1)?
2
Suppose 22*a = -12*a + 3069690. What is the thousands digit of a?
0
Let d = -337 - -780. Suppose 2*h + 2*a - d = -3*a, -4*a = -4*h + 900. What is the hundreds digit of h?
2
Let g = -1045 - -475. Let w = g - -661. What is the units digit of w?
1
Let n(j) = -762*j - 10891. What is the thousands digit of n(-24)?
7
Suppose -72*d + 160382 = -1234402. What is the units digit of d?
2
Let z = -129 - -131. Suppose 2 = -z*l - 2. Let t(d) = -6*d**3 - d**2 + 4*d + 4. What is the units digit of t(l)?
0
Let s be (-2 - -4)/(((-7)/(-2))/7). Suppose -s*v + 5 + 21 = n, 0 = n + v - 11. What is the units digit of 2/n + 125/3?
2
What is the thousands digit of 6/(-4) - (-16242660)/1080?
5
Suppose 103475 = 63*c - 6*c - 474334. What is the tens digit of c?
3
Suppose 3*x - 40 = g, 2*g - 3*x = -5*x - 80. What is the tens digit of (g/(-48))/(-5) - (-7473)/18?
1
Suppose -3*f = -10*m + 7*m + 33, -f + 1 = m. What is the units digit of -2 - -133 - (-7 + m)*-3?
8
Let c = -11714 - -14075. What is the hundreds digit of c?
3
Let a(i) be the third derivative of i**4/12 + 11*i**3/6 - 3*i**2. Let v be 18/((-66)/(-11))*8/6. What is the units digit of a(v)?
9
Suppose 53*j - 426930 = -17*j. What is the units digit of j?
9
Let i = 12611 + -7511. What is the hundreds digit of i?
1
Let b(q) be the second derivative of -q**5/20 + q**4/12 - q**3/6 + 5*q**2 + 23*q - 1. What is the tens digit of b(-9)?
2
Suppose -5*t = 12 + 3. What is the tens digit of t/(-6) - (-1586)/4?
9
Suppose -25*c - 20 = -45. Let s(m) = 664*m**3 - 3*m + 3. What is the tens digit of s(c)?
6
Let p = 115335 + -70668. What is the tens digit of p?
6
Let t = -16953 + 40675. What is the units digit of t?
2
What is the units digit of (-2 + -53 + 5)/((-48)/14664)?
5
Suppose -205 = 5*c - 15. Let m = c + 33. Let h = 142 + m. What is the tens digit of h?
3
Suppose -5*u + 2*u - 9 = f, -3*u - 12 = 0. Suppose -2640 = -7*c - f*c. What is the hundreds digit of c?
2
Let h(z) = -12*z + 306. Let v be h(15). Let y(p) = p**2 - 5*p. Let j be y(4). Let q = v + j. What is the tens digit of q?
2
What is the hundreds digit of (-758)/(-4)*540/54?
8
Suppose -22707 = -5*h + 2*r + 315671, 0 = -4*r - 16. What is the thousands digit of h?
7
Let g = 13848 + -7612. What is the units digit of g?
6
Let w be 1/4 - (-2142)/8. Let s = 3961 - 3958. Suppose s*n - w = -n. What is the tens digit of n?
6
Suppose y + 3 = 0, 46*n - 47*n + y = 5172. What is the thousands digit of -5 + n/((-20)/4)?
1
Suppose -3*q - 3*a = 15, 0 = q - 6*q - a - 17. Let l be (1/q)/(74/(-36) - -2). Suppose -13*t = -l*t - 427. What is the units digit of t?
1
Suppose n + 4*i - 1 - 949 = 0, 2914 = 3*n - 4*i. Suppose -n = -11*f + 4*f. What is the hundreds digit of f?
1
Suppose 221825 = 50*y - 38*y - 7*y. What is the thousands digit of y?
4
Let b = 5651 + -3614. What is the tens digit of b?
3
Let t(i) = -2096*i. Let a be t(-1). Suppose -9*f - a = -11*f. What is the units digit of f?
8
Let s = 3633 - 2254. What is the hundreds digit of s?
3
Let r be 20/((-3)/(-1413)*-6). Let d = r - -2328. What is the tens digit of d?
5
What is the thousands digit of (90/(-195) + (-217773)/(-78))/(3/16)?
4
Suppose 5*j + k - 1 = 45, 4*j - 52 = 3*k. What is the units digit of (-1841)/(-35) + 1*(-6)/j?
2
Suppose 78217 + 1075485 = 187*l + 134365. What is the tens digit of l?
5
What is the tens digit of 20/(-180) + (-3 - (-628384)/36)?
5
Let j(c) = 2226*c + 194. Let f be j(7). Suppose -51726 = -25*h - f. What is the units digit of h?
8
Let z be 5 - 45/(-36)*4. Let p(j) be the first derivative of 4*j**2 + 11*j - 1. What is the tens digit of p(z)?
9
Suppose r - 4*w = 2362, -139*r - 9538 = -143*r - 2*w. What is the thousands digit of r?
2
Let m = 290 + -285. Let x(d) = 24*d**2 - 3*d + 12. What is the units digit of x(m)?
7
Let o be 12*-3 + (-9 - -15). Let g = 247 + o. What is the units digit of g?
7
Let t(b) = -b + 9. Let v be t(8). Suppose v = 7*s - 20. Suppose 9*h - 4*h = 3*o - 320, -335 = -s*o + 2*h. What is the tens digit of o?
1
Let v(s) = -s**3 - 3*s**2 + 26*s + 130. What is the tens digit of v(-29)?
4
Let f = 83 - -2250. Suppose -f = -5*a + i, 5*i = 4 + 6. What is the tens digit of a?
6
Let x be (98/343)/(2/28). What is the units digit of 1*x*62/1?
8
Let r(b) = 2*b**3 + 67*b**2 + 52*b + 56. Let y be r(-33). Let p = y + 810. What is the tens digit of p?
3
Let c(i) be the third derivative of -11*i**4/3 - 19*i**3/6 - 4*i**2 + 3*i. Let s be c(-5). Let f = s - 152. What is the units digit of f?
9
Suppose 39338 = 5*f - 4*i, -68*f - 7876 = -69*f + 5*i. What is the thousands digit of f?
7
Let x = -638 + 980. Let s = x + 436. What is the tens digit of s?
7
Suppose -g - 47*a + 52*a + 16479 = 0, 2*g - a - 32940 = 0. What is the units digit of g?
9
Let d = -1 + -34. Let t = 51 + d. What is the units digit of 137/2 + (-8)/t?
8
Let j(z) = z - 14. Let y be j(-9). Let u = 1101 + y. What is the hundreds digit of u?
0
Let f(m) = 2*m**2 - 8*m - 14. Suppose -p + 31 = 5*k, 0 = -6*p + 3*p - k + 23. Let l be f(p). Suppose 72 = l*x - 1198. What is the units digit of x?
7
Let m = -184 + 184. What is the tens digit of (-2846)/(-7) - m - (-27)/63?
0
Suppose -3*p = -3*o - 932 - 892, 613 = p + 4*o. Suppose -3*v = 4*w - 812, 3*w + 6*v - p = 5*v. What is the hundreds digit of w?
2
Suppose -1 + 3 = b. Suppose 11 - 15 = -b*p. Suppose -3*z + 99 = -p*o + 5*o, -5*z = -2*o - 179. What is the tens digit of z?
3
What is the tens digit of (-625)/(2/(-43 + 7))?
5
Let h be (-10)/4*(-3)/(15/4). Let j be 2*2*h/2*1. Suppose 4*q - 3*f = -0*q + 74, 3*q - 59 = j*f. What is the tens digit of q?
1
Suppose 8*t - 47*t = -156. Let i = 572 + 108. Suppose -5*j + 3*j - 3*v + 350 = 0, t*j = -v + i. What is the tens digit of j?
6
Let k be 11/22 + 1362/4. Suppose 3*b - m - 253 = 0, 4*b - 4*m - m - k = 0. What is the tens digit of (-48)/b*266/(-4)?
3
Suppose -13111 = 5*y - 4*i - 41756, 0 = i + 5. Suppose -4*d = 3*p - 3427, -5*p + y = 22*d - 18*d. What is the tens digit of p?
4
Suppose 0 = -7*y + 1277 - 6163. Let s = y + 1608. What is the units digit of s?
0
Let j(a) = -2*a**2 - 4*a - 10. Let u be j(5). Let k be (0 - (539 - 2))*12/(-36). Let m = u + k. What is the tens digit of m?
9
Let k = -7 - -33. Let g(d) = -27*d**2 + 9*d + 12*d + 12*d + d**3 - 64. What is the tens digit of g(k)?
1
Suppose -3*m = 4*b - 6937, 997*b = -m + 1002*b + 2344. What is the units digit of m?
9
Let d(v) = -4*v - 1. Let c be d(-1). Suppose c*z = -11 - 7. Let x(w) = w**3 + 6*w**2 + w + 19. What is the tens digit of x(z)?
1
Suppose 0 = l + 4*l - 10. Suppose o + 4 = -2*o - l*t, -t - 2 = -o. Suppose -3*z + 9*z - 810 = o. What is the hundreds digit of z?
1
Let u be -1*(3 + 312/9)*6. Let g = u + 421. Suppose -7*z = -1114 - g. What is the tens digit of z?
8
Let s(h) be the second derivative of h**4/6 + 5*h**3/2 - 42*h**2 + 14*h. What is the units digit of s(9)?
3
Suppose 0 = -5*m + a + 9863, 3*a + 1967 = m - 0*a. What is the units digit of m?
3
Suppose 0 = -3*t - 3, 0 = -3*p + p + t + 9. Suppose 3*x - 728 = 2*u, p*x + u - 972 = 3*u. What is the tens digit of x?
4
Let u(o) = o**3 + 4*o**2 - 7*o - 3. Let z be u(-5). Suppose -2 = z*b - 16. Let a = 23 - b. What is the tens digit of a?
2
Let g = 0 - 0. Let u = -1604 + 1608. Suppose g = -u*r - 71 + 42